{"id":44,"date":"2012-08-31T22:17:35","date_gmt":"2012-08-31T22:17:35","guid":{"rendered":"http:\/\/labestiadeportiva.com\/lbd\/?page_id=44"},"modified":"2018-02-11T16:12:21","modified_gmt":"2018-02-11T19:12:21","slug":"multimedia","status":"publish","type":"page","link":"http:\/\/labestiadeportiva.com\/lbd\/multimedia\/","title":{"rendered":"Multimedia"},"content":{"rendered":"<p>Les tendencias y las redes evolucionan. LBD tambi\u00e8n. Toda la informaci\u00f3n la encontr\u00e1s en nuestra Web Oficial pero tambien en Facebook, Instagram y Twitter. Bienvenidos a BestiaMultimedia 2.0!<\/p>\n<figure id=\"attachment_27101\" aria-describedby=\"caption-attachment-27101\" style=\"width: 184px\" class=\"wp-caption aligncenter\"><a href=\"http:\/\/labestiadeportiva.com\/lbd\/wp-content\/uploads\/2012\/08\/fbooklbd.jpg\"><img loading=\"lazy\" class=\"size-medium wp-image-27101\" src=\"http:\/\/labestiadeportiva.com\/lbd\/wp-content\/uploads\/2012\/08\/fbooklbd-184x300.jpg\" alt=\"CLIC AQUI\" width=\"184\" height=\"300\" srcset=\"http:\/\/labestiadeportiva.com\/lbd\/wp-content\/uploads\/2012\/08\/fbooklbd-184x300.jpg 184w, http:\/\/labestiadeportiva.com\/lbd\/wp-content\/uploads\/2012\/08\/fbooklbd.jpg 202w\" sizes=\"(max-width: 184px) 100vw, 184px\" \/><\/a><figcaption id=\"caption-attachment-27101\" class=\"wp-caption-text\"><a href=\"https:\/\/es-la.facebook.com\/lbdtdf\/\" target=\"_blank\">CLIC AQUI<\/a><\/figcaption><\/figure>\n<figure id=\"attachment_27100\" aria-describedby=\"caption-attachment-27100\" style=\"width: 160px\" class=\"wp-caption aligncenter\"><a href=\"http:\/\/labestiadeportiva.com\/lbd\/wp-content\/uploads\/2012\/08\/bestiamultimedia_tw.jpg\"><img loading=\"lazy\" class=\"size-medium wp-image-27100\" src=\"http:\/\/labestiadeportiva.com\/lbd\/wp-content\/uploads\/2012\/08\/bestiamultimedia_tw-160x300.jpg\" alt=\"CLIC AQUI\" width=\"160\" height=\"300\" srcset=\"http:\/\/labestiadeportiva.com\/lbd\/wp-content\/uploads\/2012\/08\/bestiamultimedia_tw-160x300.jpg 160w, http:\/\/labestiadeportiva.com\/lbd\/wp-content\/uploads\/2012\/08\/bestiamultimedia_tw.jpg 250w\" sizes=\"(max-width: 160px) 100vw, 160px\" \/><\/a><figcaption id=\"caption-attachment-27100\" class=\"wp-caption-text\"><a href=\"https:\/\/twitter.com\/lbdush\" target=\"_blank\">CLIC AQUI<\/a><\/figcaption><\/figure>\n<figure id=\"attachment_27099\" aria-describedby=\"caption-attachment-27099\" style=\"width: 270px\" class=\"wp-caption aligncenter\"><a href=\"http:\/\/labestiadeportiva.com\/lbd\/wp-content\/uploads\/2012\/08\/bestiamultimedia_ig.jpg\"><img loading=\"lazy\" class=\"wp-image-27099 size-full\" src=\"http:\/\/labestiadeportiva.com\/lbd\/wp-content\/uploads\/2012\/08\/bestiamultimedia_ig.jpg\" alt=\"bestiamultimedia_ig\" width=\"270\" height=\"276\" srcset=\"http:\/\/labestiadeportiva.com\/lbd\/wp-content\/uploads\/2012\/08\/bestiamultimedia_ig.jpg 270w, http:\/\/labestiadeportiva.com\/lbd\/wp-content\/uploads\/2012\/08\/bestiamultimedia_ig-60x60.jpg 60w\" sizes=\"(max-width: 270px) 100vw, 270px\" \/><\/a><figcaption id=\"caption-attachment-27099\" class=\"wp-caption-text\"><a href=\"https:\/\/www.instagram.com\/bestiamultimedia\" target=\"_blank\">CLIC AQUI<\/a><\/figcaption><\/figure>\n<p>&nbsp;<\/p>\n<figure id=\"attachment_27098\" aria-describedby=\"caption-attachment-27098\" style=\"width: 300px\" class=\"wp-caption aligncenter\"><a href=\"http:\/\/labestiadeportiva.com\/lbd\/wp-content\/uploads\/2012\/08\/bestiamultimedia.jpg\"><img loading=\"lazy\" class=\"size-medium wp-image-27098\" src=\"http:\/\/labestiadeportiva.com\/lbd\/wp-content\/uploads\/2012\/08\/bestiamultimedia-300x64.jpg\" alt=\"CLIC AQUI\" width=\"300\" height=\"64\" srcset=\"http:\/\/labestiadeportiva.com\/lbd\/wp-content\/uploads\/2012\/08\/bestiamultimedia-300x64.jpg 300w, http:\/\/labestiadeportiva.com\/lbd\/wp-content\/uploads\/2012\/08\/bestiamultimedia.jpg 457w\" sizes=\"(max-width: 300px) 100vw, 300px\" \/><\/a><figcaption id=\"caption-attachment-27098\" class=\"wp-caption-text\"><a href=\"https:\/\/www.youtube.com\/user\/bestiamultimedia\" target=\"_blank\">CLIC AQUI<\/a><\/figcaption><\/figure>\n\n<div class=\"jwsharethis\">\nShare this: \n<br \/>\n<a href=\"mailto:?subject=Multimedia&amp;body=http%3A%2F%2Flabestiadeportiva.com%2Flbd%2Fmultimedia%2F\">\n<img src=\"http:\/\/labestiadeportiva.com\/lbd\/wp-content\/plugins\/jw-share-this\/email.png\" alt=\"Share this page via Email\" \/>\n<\/a>\n<a target=\"_blank\" href=\"http:\/\/www.stumbleupon.com\/submit?url=http%3A%2F%2Flabestiadeportiva.com%2Flbd%2Fmultimedia%2F&amp;title=Multimedia\">\n<img src=\"http:\/\/labestiadeportiva.com\/lbd\/wp-content\/plugins\/jw-share-this\/su.png\" alt=\"Share this page via Stumble Upon\" \/>\n<\/a>\n<a target=\"_blank\" href=\"http:\/\/digg.com\/submit?url=http%3A%2F%2Flabestiadeportiva.com%2Flbd%2Fmultimedia%2F&amp;title=Multimedia\">\n<img src=\"http:\/\/labestiadeportiva.com\/lbd\/wp-content\/plugins\/jw-share-this\/digg.png\" alt=\"Share this page via Digg this\" \/>\n<\/a>\n<a target=\"_blank\" href=\"http:\/\/www.facebook.com\/sharer.php?u=http%3A%2F%2Flabestiadeportiva.com%2Flbd%2Fmultimedia%2F&amp;t=Multimedia\">\n<img src=\"http:\/\/labestiadeportiva.com\/lbd\/wp-content\/plugins\/jw-share-this\/fb.png\" alt=\"Share this page via Facebook\" \/>\n<\/a>\n<a target=\"_blank\" href=\"http:\/\/twitter.com\/intent\/tweet?text=I+like+http%3A%2F%2Flabestiadeportiva.com%2Flbd%2Fmultimedia%2F&amp;title=Multimedia\">\n<img src=\"http:\/\/labestiadeportiva.com\/lbd\/wp-content\/plugins\/jw-share-this\/twitter.png\" alt=\"Share this page via Twitter\" \/>\n<\/a>\n<\/div>\n","protected":false},"excerpt":{"rendered":"<p>Les tendencias y las redes evolucionan. LBD tambi\u00e8n. Toda la informaci\u00f3n la encontr\u00e1s en nuestra Web Oficial pero tambien en Facebook, Instagram y Twitter. Bienvenidos a BestiaMultimedia 2.0! &nbsp; Share this:<\/p>\n","protected":false},"author":1,"featured_media":0,"parent":0,"menu_order":0,"comment_status":"open","ping_status":"open","template":"","meta":[],"_links":{"self":[{"href":"http:\/\/labestiadeportiva.com\/lbd\/wp-json\/wp\/v2\/pages\/44"}],"collection":[{"href":"http:\/\/labestiadeportiva.com\/lbd\/wp-json\/wp\/v2\/pages"}],"about":[{"href":"http:\/\/labestiadeportiva.com\/lbd\/wp-json\/wp\/v2\/types\/page"}],"author":[{"embeddable":true,"href":"http:\/\/labestiadeportiva.com\/lbd\/wp-json\/wp\/v2\/users\/1"}],"replies":[{"embeddable":true,"href":"http:\/\/labestiadeportiva.com\/lbd\/wp-json\/wp\/v2\/comments?post=44"}],"version-history":[{"count":2,"href":"http:\/\/labestiadeportiva.com\/lbd\/wp-json\/wp\/v2\/pages\/44\/revisions"}],"predecessor-version":[{"id":27102,"href":"http:\/\/labestiadeportiva.com\/lbd\/wp-json\/wp\/v2\/pages\/44\/revisions\/27102"}],"wp:attachment":[{"href":"http:\/\/labestiadeportiva.com\/lbd\/wp-json\/wp\/v2\/media?parent=44"}],"curies":[{"name":"wp","href":"https:\/\/api.w.org\/{rel}","templated":true}]}}