{"id":51677,"date":"2025-02-06T19:16:05","date_gmt":"2025-02-06T22:16:05","guid":{"rendered":"https:\/\/labestiadeportiva.com\/lbd\/?page_id=51677"},"modified":"2025-05-16T23:09:38","modified_gmt":"2025-05-17T02:09:38","slug":"formadores","status":"publish","type":"page","link":"https:\/\/labestiadeportiva.com\/lbd\/formadores\/","title":{"rendered":"Formadores"},"content":{"rendered":"\n<p>Ciclo televisivo de la Televisi\u00f3n P\u00fablica Fueguina \/ A\u00f1o 2025<\/p>\n\n\n\n<p><strong><a href=\"https:\/\/labestiadeportiva.com\/lbd\/tvpd-entrevistas\/\" data-type=\"URL\" data-id=\"https:\/\/labestiadeportiva.com\/lbd\/tvpd-entrevistas\/\">CLIC AQU\u00cd PARA ACCEDER AL CICLO EMBAJADORES TDF<\/a><\/strong><\/p>\n\n\n\n<p><\/p>\n\n\n\n<p class=\"has-text-align-center has-large-font-size\"><strong>TEMPORADA 2025<\/strong><\/p>\n\n\n\n<p>Cap\u00edtulo 1 \/ JAVIER SIEDE<\/p>\n\n\n\n<figure class=\"wp-block-embed is-type-video is-provider-youtube wp-block-embed-youtube wp-embed-aspect-16-9 wp-has-aspect-ratio\"><div class=\"wp-block-embed__wrapper\">\n<iframe loading=\"lazy\" title=\"FORMADORES - Capitulo 1 - Javier Siede\" width=\"474\" height=\"267\" src=\"https:\/\/www.youtube.com\/embed\/9tcKowUjihY?feature=oembed\" frameborder=\"0\" allow=\"accelerometer; autoplay; clipboard-write; encrypted-media; gyroscope; picture-in-picture; web-share\" referrerpolicy=\"strict-origin-when-cross-origin\" allowfullscreen><\/iframe>\n<\/div><\/figure>\n\n\n\n<p><\/p>\n\n\n\n<p>Cap\u00edtulo 2 \/ EDGARDO AVINCETA<\/p>\n\n\n\n<figure class=\"wp-block-embed is-type-video is-provider-youtube wp-block-embed-youtube wp-embed-aspect-16-9 wp-has-aspect-ratio\"><div class=\"wp-block-embed__wrapper\">\n<iframe loading=\"lazy\" title=\"FORMADORES - Capitulo 2 - Edgardo Avinceta\" width=\"474\" height=\"267\" src=\"https:\/\/www.youtube.com\/embed\/sPrEAsrfQg4?feature=oembed\" frameborder=\"0\" allow=\"accelerometer; autoplay; clipboard-write; encrypted-media; gyroscope; picture-in-picture; web-share\" referrerpolicy=\"strict-origin-when-cross-origin\" allowfullscreen><\/iframe>\n<\/div><\/figure>\n\n\n\n<p><\/p>\n\n\n\n<p>Capitulo 3 \/ PABLO VALCHEFF<\/p>\n\n\n\n<figure class=\"wp-block-embed is-type-video is-provider-youtube wp-block-embed-youtube wp-embed-aspect-16-9 wp-has-aspect-ratio\"><div class=\"wp-block-embed__wrapper\">\n<iframe loading=\"lazy\" title=\"FORMADORES - Capitulo 3 - Pablo Valcheff\" width=\"474\" height=\"267\" src=\"https:\/\/www.youtube.com\/embed\/fiWVaIR5Ne0?feature=oembed\" frameborder=\"0\" allow=\"accelerometer; autoplay; clipboard-write; encrypted-media; gyroscope; picture-in-picture; web-share\" referrerpolicy=\"strict-origin-when-cross-origin\" allowfullscreen><\/iframe>\n<\/div><\/figure>\n\n\n\n<p><\/p>\n\n\n\n<p>Cap\u00edtulo 4 \/ SERGIO GARC\u00cdA<\/p>\n\n\n\n<figure class=\"wp-block-embed is-type-video is-provider-youtube wp-block-embed-youtube wp-embed-aspect-16-9 wp-has-aspect-ratio\"><div class=\"wp-block-embed__wrapper\">\n<iframe loading=\"lazy\" title=\"FORMADORES - Capitulo 4 - Garcia\" width=\"474\" height=\"267\" src=\"https:\/\/www.youtube.com\/embed\/EV9EANfzhYY?feature=oembed\" frameborder=\"0\" allow=\"accelerometer; autoplay; clipboard-write; encrypted-media; gyroscope; picture-in-picture; web-share\" referrerpolicy=\"strict-origin-when-cross-origin\" allowfullscreen><\/iframe>\n<\/div><\/figure>\n\n\n\n<p><\/p>\n\n\n\n<p>Cap\u00edtulo 5 \/ MARTIN BONVEHI<\/p>\n\n\n\n<figure class=\"wp-block-embed is-type-video is-provider-youtube wp-block-embed-youtube wp-embed-aspect-16-9 wp-has-aspect-ratio\"><div class=\"wp-block-embed__wrapper\">\n<iframe loading=\"lazy\" title=\"FORMADORES - Capitulo 5 - Mart\u00edn Bonvehi\" width=\"474\" height=\"267\" src=\"https:\/\/www.youtube.com\/embed\/_LFrrfyUyUs?feature=oembed\" frameborder=\"0\" allow=\"accelerometer; autoplay; clipboard-write; encrypted-media; gyroscope; picture-in-picture; web-share\" referrerpolicy=\"strict-origin-when-cross-origin\" allowfullscreen><\/iframe>\n<\/div><\/figure>\n\n\n\n<p><\/p>\n\n\n\n<p>Cap\u00edtulo 6 \/ GABRIEL TORRES<\/p>\n\n\n\n<figure class=\"wp-block-embed is-type-video is-provider-youtube wp-block-embed-youtube wp-embed-aspect-16-9 wp-has-aspect-ratio\"><div class=\"wp-block-embed__wrapper\">\n<iframe loading=\"lazy\" title=\"FORMADORES - Capitulo 6 - Gabriel Torres\" width=\"474\" height=\"267\" src=\"https:\/\/www.youtube.com\/embed\/14Gaj66Q2U8?feature=oembed\" frameborder=\"0\" allow=\"accelerometer; autoplay; clipboard-write; encrypted-media; gyroscope; picture-in-picture; web-share\" referrerpolicy=\"strict-origin-when-cross-origin\" allowfullscreen><\/iframe>\n<\/div><\/figure>\n\n\n\n<p><\/p>\n\n\n\n<p>Cap\u00edtulo 7 \/ MAR\u00cdA GIR\u00d3<\/p>\n\n\n\n<figure class=\"wp-block-embed is-type-video is-provider-youtube wp-block-embed-youtube wp-embed-aspect-16-9 wp-has-aspect-ratio\"><div class=\"wp-block-embed__wrapper\">\n<iframe loading=\"lazy\" title=\"FORMADORES - Capitulo 7 - Mar\u00eda Gir\u00f3\" width=\"474\" height=\"267\" src=\"https:\/\/www.youtube.com\/embed\/YTuN1IsgvKI?feature=oembed\" frameborder=\"0\" allow=\"accelerometer; autoplay; clipboard-write; encrypted-media; gyroscope; picture-in-picture; web-share\" referrerpolicy=\"strict-origin-when-cross-origin\" allowfullscreen><\/iframe>\n<\/div><\/figure>\n\n\n\n<p><\/p>\n\n\n\n<p>Cap\u00edtulo 8 \/ DIEGO LINARES<\/p>\n\n\n\n<figure class=\"wp-block-embed is-type-video is-provider-youtube wp-block-embed-youtube wp-embed-aspect-16-9 wp-has-aspect-ratio\"><div class=\"wp-block-embed__wrapper\">\n<iframe loading=\"lazy\" title=\"FORMADORES - Cap\u00edtulo 8 -  Diego Linares\" width=\"474\" height=\"267\" src=\"https:\/\/www.youtube.com\/embed\/enj18jDz7rM?feature=oembed\" frameborder=\"0\" allow=\"accelerometer; autoplay; clipboard-write; encrypted-media; gyroscope; picture-in-picture; web-share\" referrerpolicy=\"strict-origin-when-cross-origin\" allowfullscreen><\/iframe>\n<\/div><\/figure>\n\n\n\n<p><\/p>\n\n\n\n<p>Cap\u00edtulo 9 \/ V\u00cdCTOR BIB\u00c9<\/p>\n\n\n\n<figure class=\"wp-block-embed is-type-video is-provider-youtube wp-block-embed-youtube wp-embed-aspect-16-9 wp-has-aspect-ratio\"><div class=\"wp-block-embed__wrapper\">\n<iframe loading=\"lazy\" title=\"FORMADORES - Cap\u00edtulo 9 -  Victor Bib\u00e9\" width=\"474\" height=\"267\" src=\"https:\/\/www.youtube.com\/embed\/qJFktzSRNmE?feature=oembed\" frameborder=\"0\" allow=\"accelerometer; autoplay; clipboard-write; encrypted-media; gyroscope; picture-in-picture; web-share\" referrerpolicy=\"strict-origin-when-cross-origin\" allowfullscreen><\/iframe>\n<\/div><\/figure>\n\n\n\n<p><\/p>\n\n\n\n<p>Cap\u00edtulo 10 \/ JUAN ARCOS<\/p>\n\n\n\n<figure class=\"wp-block-embed is-type-video is-provider-youtube wp-block-embed-youtube wp-embed-aspect-16-9 wp-has-aspect-ratio\"><div class=\"wp-block-embed__wrapper\">\n<iframe loading=\"lazy\" title=\"FORMADORES - Cap\u00edtulo 10 -  Juan Arcos\" width=\"474\" height=\"267\" src=\"https:\/\/www.youtube.com\/embed\/kGpfjjbunII?feature=oembed\" frameborder=\"0\" allow=\"accelerometer; autoplay; clipboard-write; encrypted-media; gyroscope; picture-in-picture; web-share\" referrerpolicy=\"strict-origin-when-cross-origin\" allowfullscreen><\/iframe>\n<\/div><\/figure>\n\n\n\n<p><\/p>\n\n\n\n<p>Cap\u00edtulo 11 \/ JAVIER LORENZO<\/p>\n\n\n\n<figure class=\"wp-block-embed is-type-video is-provider-youtube wp-block-embed-youtube wp-embed-aspect-16-9 wp-has-aspect-ratio\"><div class=\"wp-block-embed__wrapper\">\n<iframe loading=\"lazy\" title=\"FORMADORES - Cap\u00edtulo 11 -  Lorenzo\" width=\"474\" height=\"267\" src=\"https:\/\/www.youtube.com\/embed\/4qV37iV3kZI?feature=oembed\" frameborder=\"0\" allow=\"accelerometer; autoplay; clipboard-write; encrypted-media; gyroscope; picture-in-picture; web-share\" referrerpolicy=\"strict-origin-when-cross-origin\" allowfullscreen><\/iframe>\n<\/div><\/figure>\n\n\n\n<p><\/p>\n\n\n\n<p>Cap\u00edtulo 12 \/ RA\u00daL \u00abRULY\u00bb RALINQUEO<\/p>\n\n\n<div class=\"wp-block-image\">\n<figure class=\"aligncenter size-medium is-resized\"><a href=\"https:\/\/www.facebook.com\/watch\/?v=1221527069559374&amp;rdid=Si6x4TSaY1GjvYz0\"><img loading=\"lazy\" src=\"https:\/\/labestiadeportiva.com\/lbd\/wp-content\/uploads\/2025\/05\/ralinqueo-300x209.jpg\" alt=\"\" class=\"wp-image-52360\" width=\"490\" height=\"341\" srcset=\"https:\/\/labestiadeportiva.com\/lbd\/wp-content\/uploads\/2025\/05\/ralinqueo-300x209.jpg 300w, https:\/\/labestiadeportiva.com\/lbd\/wp-content\/uploads\/2025\/05\/ralinqueo-768x534.jpg 768w, https:\/\/labestiadeportiva.com\/lbd\/wp-content\/uploads\/2025\/05\/ralinqueo-640x445.jpg 640w, https:\/\/labestiadeportiva.com\/lbd\/wp-content\/uploads\/2025\/05\/ralinqueo.jpg 888w\" sizes=\"(max-width: 490px) 100vw, 490px\" \/><\/a><\/figure><\/div>\n\n\n<p>Cap\u00edtulo 13 \/ ANAH\u00cd VIGIL<\/p>\n\n\n\n<figure class=\"wp-block-embed is-type-video is-provider-youtube wp-block-embed-youtube wp-embed-aspect-16-9 wp-has-aspect-ratio\"><div class=\"wp-block-embed__wrapper\">\n<iframe loading=\"lazy\" title=\"TVP Deportes  FORMADORES - Cap\u00edtulo 13  &quot;Anahi Vigil&quot;\" width=\"474\" height=\"267\" src=\"https:\/\/www.youtube.com\/embed\/Pmoxvri7kfA?feature=oembed\" frameborder=\"0\" allow=\"accelerometer; autoplay; clipboard-write; encrypted-media; gyroscope; picture-in-picture; web-share\" referrerpolicy=\"strict-origin-when-cross-origin\" allowfullscreen><\/iframe>\n<\/div><\/figure>\n\n\n\n<p><\/p>\n\n\n\n<p>Cap\u00edtulo 14 \/ LUCAS DOFFO<\/p>\n\n\n\n<figure class=\"wp-block-embed is-type-video is-provider-youtube wp-block-embed-youtube wp-embed-aspect-16-9 wp-has-aspect-ratio\"><div class=\"wp-block-embed__wrapper\">\n<iframe loading=\"lazy\" title=\"TVP Deportes  FORMADORES - Cap\u00edtulo 14  - Lucas Doffo\" width=\"474\" height=\"267\" src=\"https:\/\/www.youtube.com\/embed\/VJar6NbqeBA?feature=oembed\" frameborder=\"0\" allow=\"accelerometer; autoplay; clipboard-write; encrypted-media; gyroscope; picture-in-picture; web-share\" referrerpolicy=\"strict-origin-when-cross-origin\" allowfullscreen><\/iframe>\n<\/div><\/figure>\n\n<div class=\"jwsharethis\">\nShare this: \n<br \/>\n<a href=\"mailto:?subject=Formadores&amp;body=https%3A%2F%2Flabestiadeportiva.com%2Flbd%2Fformadores%2F\">\n<img src=\"https:\/\/labestiadeportiva.com\/lbd\/wp-content\/plugins\/jw-share-this\/email.png\" alt=\"Share this page via Email\" \/>\n<\/a>\n<a target=\"_blank\" href=\"http:\/\/www.stumbleupon.com\/submit?url=https%3A%2F%2Flabestiadeportiva.com%2Flbd%2Fformadores%2F&amp;title=Formadores\">\n<img src=\"https:\/\/labestiadeportiva.com\/lbd\/wp-content\/plugins\/jw-share-this\/su.png\" alt=\"Share this page via Stumble Upon\" \/>\n<\/a>\n<a target=\"_blank\" href=\"http:\/\/digg.com\/submit?url=https%3A%2F%2Flabestiadeportiva.com%2Flbd%2Fformadores%2F&amp;title=Formadores\">\n<img src=\"https:\/\/labestiadeportiva.com\/lbd\/wp-content\/plugins\/jw-share-this\/digg.png\" alt=\"Share this page via Digg this\" \/>\n<\/a>\n<a target=\"_blank\" href=\"http:\/\/www.facebook.com\/sharer.php?u=https%3A%2F%2Flabestiadeportiva.com%2Flbd%2Fformadores%2F&amp;t=Formadores\">\n<img src=\"https:\/\/labestiadeportiva.com\/lbd\/wp-content\/plugins\/jw-share-this\/fb.png\" alt=\"Share this page via Facebook\" \/>\n<\/a>\n<a target=\"_blank\" href=\"http:\/\/twitter.com\/intent\/tweet?text=I+like+https%3A%2F%2Flabestiadeportiva.com%2Flbd%2Fformadores%2F&amp;title=Formadores\">\n<img src=\"https:\/\/labestiadeportiva.com\/lbd\/wp-content\/plugins\/jw-share-this\/twitter.png\" alt=\"Share this page via Twitter\" \/>\n<\/a>\n<\/div>\n","protected":false},"excerpt":{"rendered":"<p>Ciclo televisivo de la Televisi\u00f3n P\u00fablica Fueguina \/ A\u00f1o 2025 CLIC AQU\u00cd PARA ACCEDER AL CICLO EMBAJADORES TDF TEMPORADA 2025 Cap\u00edtulo 1 \/ JAVIER SIEDE Cap\u00edtulo 2 \/ EDGARDO AVINCETA Capitulo 3 \/ PABLO VALCHEFF Cap\u00edtulo 4 \/ SERGIO GARC\u00cdA Cap\u00edtulo 5 \/ MARTIN BONVEHI Cap\u00edtulo 6 \/ GABRIEL TORRES Cap\u00edtulo 7 \/ MAR\u00cdA GIR\u00d3 &hellip; <a href=\"https:\/\/labestiadeportiva.com\/lbd\/formadores\/\" class=\"more-link\">Seguir leyendo <span class=\"screen-reader-text\">Formadores<\/span> <span class=\"meta-nav\">&rarr;<\/span><\/a><\/p>\n","protected":false},"author":1,"featured_media":0,"parent":0,"menu_order":0,"comment_status":"closed","ping_status":"closed","template":"","meta":[],"_links":{"self":[{"href":"https:\/\/labestiadeportiva.com\/lbd\/wp-json\/wp\/v2\/pages\/51677"}],"collection":[{"href":"https:\/\/labestiadeportiva.com\/lbd\/wp-json\/wp\/v2\/pages"}],"about":[{"href":"https:\/\/labestiadeportiva.com\/lbd\/wp-json\/wp\/v2\/types\/page"}],"author":[{"embeddable":true,"href":"https:\/\/labestiadeportiva.com\/lbd\/wp-json\/wp\/v2\/users\/1"}],"replies":[{"embeddable":true,"href":"https:\/\/labestiadeportiva.com\/lbd\/wp-json\/wp\/v2\/comments?post=51677"}],"version-history":[{"count":13,"href":"https:\/\/labestiadeportiva.com\/lbd\/wp-json\/wp\/v2\/pages\/51677\/revisions"}],"predecessor-version":[{"id":52361,"href":"https:\/\/labestiadeportiva.com\/lbd\/wp-json\/wp\/v2\/pages\/51677\/revisions\/52361"}],"wp:attachment":[{"href":"https:\/\/labestiadeportiva.com\/lbd\/wp-json\/wp\/v2\/media?parent=51677"}],"curies":[{"name":"wp","href":"https:\/\/api.w.org\/{rel}","templated":true}]}}